{"id":2194,"date":"2017-06-01T09:41:23","date_gmt":"2017-06-01T15:41:23","guid":{"rendered":"http:\/\/www.fontur.gob.ve\/?page_id=2194"},"modified":"2025-08-01T07:02:23","modified_gmt":"2025-08-01T13:02:23","slug":"contrataciones","status":"publish","type":"page","link":"http:\/\/www.fontur.gob.ve\/?page_id=2194","title":{"rendered":"Contrataciones"},"content":{"rendered":"<p style=\"text-align: justify;\"><div class=\"eds-animate edsanimate-sis-hidden \" data-eds-entry-animation=\"fadeInRightBig\" data-eds-entry-delay=\"0.5\" data-eds-entry-duration=\"0.5\" data-eds-entry-timing=\"linear\" data-eds-exit-animation=\"\" data-eds-exit-delay=\"\" data-eds-exit-duration=\"\" data-eds-exit-timing=\"\" data-eds-repeat-count=\"1\" data-eds-keep=\"yes\" data-eds-animate-on=\"load\" data-eds-scroll-offset=\"\">\n<p style=\"text-align: justify;\">Los instrumentos que regulan estos procedimientos son:<\/p>\n<p style=\"text-align: justify;\">Constituci\u00f3n de la Rep\u00fablica Bolivariana de Venezuela.<br \/>\nDecreto con Rango, Valor y Fuerza de Ley de Contrataciones P\u00fablicas, publicado en la Gaceta Oficial N\u00b0. 6.154 de fecha 19 de noviembre de 2014. Reglamento de la Ley de Contrataciones Publicas, publicada en Gaceta Oficial de la Rep\u00fablica Bolivariana de Venezuela N\u00ba 39.181 de fecha 19 de Mayo de 2009.<br \/>\nLey Org\u00e1nica de la Contralor\u00eda de la Rep\u00fablica Bolivariana de Venezuela y del Sistema Nacional de Control Fiscal y su Reglamento.<br \/>\nDecreto N\u00b0. 2.174, con Rango, Valor y Fuerza de Ley Org\u00e1nica de la Administraci\u00f3n Financiera del Sector P\u00fablico, publicado en la Gaceta oficial de la rep\u00fablica Bolivariana de Venezuela N\u00b0. 6.210, de fecha 30 de diciembre de 2015.<br \/>\nDecreto N\u00b0. 1.423, con Rango, Valor y Fuerza de Ley de Simplificaci\u00f3n de Tr\u00e1mites Administrativos, publicado en la Gaceta oficial de la rep\u00fablica Bolivariana de Venezuela N\u00b0. 40.549 de fecha 26 de noviembre de 2014.<br \/>\nDecreto N\u00b0. 4.248 de fecha 30 de enero de 2006, mediante el cual se regula el otorgamiento, vigencia, control y revocatoria de la solvencia laboral, publicado en la Gaceta Oficial de la Rep\u00fablica Bolivariana de Venezuela N\u00b0. 38.371 de fecha 2 de febrero de 2006.<br \/>\nCualquier otra disposici\u00f3n que a esta se refiere.<br \/>\nDirecci\u00f3n para solicitar informaci\u00f3n:<br \/>\nAv. Los Jabillos, entre Av. Libertador y Calle Las Flores, Edificio FONTUR, Sabana Grande, Caracas, Venezuela.<\/p>\n<p style=\"text-align: justify;\"><\/div>\n","protected":false},"excerpt":{"rendered":"<p>Los instrumentos que regulan estos procedimientos son: Constituci\u00f3n de la Rep\u00fablica Bolivariana de Venezuela. Decreto con Rango, Valor y Fuerza de Ley de Contrataciones P\u00fablicas, publicado en la Gaceta Oficial <a class=\"more-link\" href=\"http:\/\/www.fontur.gob.ve\/?page_id=2194\">Leer M\u00e1s \u2192<\/a><\/p>\n","protected":false},"author":5,"featured_media":0,"parent":0,"menu_order":0,"comment_status":"closed","ping_status":"closed","template":"","meta":{"ngg_post_thumbnail":0,"footnotes":""},"class_list":["post-2194","page","type-page","status-publish","hentry"],"_links":{"self":[{"href":"http:\/\/www.fontur.gob.ve\/index.php?rest_route=\/wp\/v2\/pages\/2194","targetHints":{"allow":["GET"]}}],"collection":[{"href":"http:\/\/www.fontur.gob.ve\/index.php?rest_route=\/wp\/v2\/pages"}],"about":[{"href":"http:\/\/www.fontur.gob.ve\/index.php?rest_route=\/wp\/v2\/types\/page"}],"author":[{"embeddable":true,"href":"http:\/\/www.fontur.gob.ve\/index.php?rest_route=\/wp\/v2\/users\/5"}],"replies":[{"embeddable":true,"href":"http:\/\/www.fontur.gob.ve\/index.php?rest_route=%2Fwp%2Fv2%2Fcomments&post=2194"}],"version-history":[{"count":6,"href":"http:\/\/www.fontur.gob.ve\/index.php?rest_route=\/wp\/v2\/pages\/2194\/revisions"}],"predecessor-version":[{"id":15472,"href":"http:\/\/www.fontur.gob.ve\/index.php?rest_route=\/wp\/v2\/pages\/2194\/revisions\/15472"}],"wp:attachment":[{"href":"http:\/\/www.fontur.gob.ve\/index.php?rest_route=%2Fwp%2Fv2%2Fmedia&parent=2194"}],"curies":[{"name":"wp","href":"https:\/\/api.w.org\/{rel}","templated":true}]}}