{"id":2171,"date":"2017-06-01T08:57:26","date_gmt":"2017-06-01T14:57:26","guid":{"rendered":"http:\/\/www.fontur.gob.ve\/?page_id=2171"},"modified":"2017-06-05T12:31:26","modified_gmt":"2017-06-05T18:31:26","slug":"renovacion-de-flota-de-transporte-publico-a-nivel-nacional","status":"publish","type":"page","link":"http:\/\/www.fontur.gob.ve\/?page_id=2171","title":{"rendered":"Renovaci\u00f3n de Flota de Transporte P\u00fablico a Nivel Nacional"},"content":{"rendered":"<h2><strong><div class=\"eds-animate  \" data-eds-entry-animation=\"shake\" data-eds-entry-delay=\"0\" data-eds-entry-duration=\"1.5\" data-eds-entry-timing=\"linear\" data-eds-exit-animation=\"\" data-eds-exit-delay=\"\" data-eds-exit-duration=\"\" data-eds-exit-timing=\"\" data-eds-repeat-count=\"1\" data-eds-keep=\"yes\" data-eds-animate-on=\"load\" data-eds-scroll-offset=\"\"><span style=\"color: #12a19a;\">Objetivo<\/span><\/div><\/strong><\/h2>\n<h4 style=\"text-align: justify;\"><div class=\"eds-animate  \" data-eds-entry-animation=\"pulse\" data-eds-entry-delay=\"0.5\" data-eds-entry-duration=\"7.0\" data-eds-entry-timing=\"linear\" data-eds-exit-animation=\"\" data-eds-exit-delay=\"\" data-eds-exit-duration=\"\" data-eds-exit-timing=\"\" data-eds-repeat-count=\"1\" data-eds-keep=\"yes\" data-eds-animate-on=\"load\" data-eds-scroll-offset=\"\">Renovar el parque automotor de transporte p\u00fablico, con nuevas unidades que incorporen mejoras tecnol\u00f3gicas y el uso de energ\u00edas limpias, para garantizar a los usuarios movilidad en condiciones de seguridad, comodidad, puntualidad y preservaci\u00f3n del medio ambiente.<\/div><\/h4>\n","protected":false},"excerpt":{"rendered":"<p>Objetivo Renovar el parque automotor de transporte p\u00fablico, con nuevas unidades que incorporen mejoras tecnol\u00f3gicas y el uso de energ\u00edas limpias, para garantizar a los usuarios movilidad en condiciones de <a class=\"more-link\" href=\"http:\/\/www.fontur.gob.ve\/?page_id=2171\">Leer M\u00e1s \u2192<\/a><\/p>\n","protected":false},"author":5,"featured_media":0,"parent":0,"menu_order":0,"comment_status":"closed","ping_status":"closed","template":"","meta":{"ngg_post_thumbnail":0,"footnotes":""},"class_list":["post-2171","page","type-page","status-publish","hentry"],"_links":{"self":[{"href":"http:\/\/www.fontur.gob.ve\/index.php?rest_route=\/wp\/v2\/pages\/2171","targetHints":{"allow":["GET"]}}],"collection":[{"href":"http:\/\/www.fontur.gob.ve\/index.php?rest_route=\/wp\/v2\/pages"}],"about":[{"href":"http:\/\/www.fontur.gob.ve\/index.php?rest_route=\/wp\/v2\/types\/page"}],"author":[{"embeddable":true,"href":"http:\/\/www.fontur.gob.ve\/index.php?rest_route=\/wp\/v2\/users\/5"}],"replies":[{"embeddable":true,"href":"http:\/\/www.fontur.gob.ve\/index.php?rest_route=%2Fwp%2Fv2%2Fcomments&post=2171"}],"version-history":[{"count":5,"href":"http:\/\/www.fontur.gob.ve\/index.php?rest_route=\/wp\/v2\/pages\/2171\/revisions"}],"predecessor-version":[{"id":2664,"href":"http:\/\/www.fontur.gob.ve\/index.php?rest_route=\/wp\/v2\/pages\/2171\/revisions\/2664"}],"wp:attachment":[{"href":"http:\/\/www.fontur.gob.ve\/index.php?rest_route=%2Fwp%2Fv2%2Fmedia&parent=2171"}],"curies":[{"name":"wp","href":"https:\/\/api.w.org\/{rel}","templated":true}]}}